



{"id":11170,"date":"2019-12-03T11:49:31","date_gmt":"2019-12-03T10:49:31","guid":{"rendered":"https:\/\/totenart.com\/noticias\/wp-content\/uploads\/2019\/12\/LUGAN-Luis-Garcia-Nunez-Sin-titulo-1961.jpg"},"modified":"2019-12-03T11:49:31","modified_gmt":"2019-12-03T10:49:31","slug":"lugan-luis-garcia-nunez-sin-titulo-1961","status":"inherit","type":"attachment","link":"https:\/\/totenart.com\/noticias\/lugan-antes-de-lugan-nueva-exposicion\/lugan-luis-garcia-nunez-sin-titulo-1961\/","title":{"rendered":"LUGAN (Luis Garcia Nunez), Sin titulo, 1961"},"author":13,"featured_media":0,"comment_status":"open","ping_status":"closed","template":"","meta":[],"class_list":["post-11170","attachment","type-attachment","status-inherit","hentry"],"yoast_head":"<!-- This site is optimized with the Yoast SEO plugin v27.2 - https:\/\/yoast.com\/product\/yoast-seo-wordpress\/ -->\n<title>LUGAN (Luis Garcia Nunez), Sin titulo, 1961 - Noticias de Arte Totenart<\/title>\n<meta name=\"robots\" content=\"index, follow, max-snippet:-1, max-image-preview:large, max-video-preview:-1\" \/>\n<link rel=\"canonical\" href=\"https:\/\/totenart.com\/noticias\/wp-content\/uploads\/2019\/12\/LUGAN-Luis-Garcia-Nunez-Sin-titulo-1961.jpg\" \/>\n<meta property=\"og:locale\" content=\"es_ES\" \/>\n<meta property=\"og:type\" content=\"article\" \/>\n<meta property=\"og:title\" content=\"LUGAN (Luis Garcia Nunez), Sin titulo, 1961 - Noticias de Arte Totenart\" \/>\n<meta property=\"og:url\" content=\"https:\/\/totenart.com\/noticias\/wp-content\/uploads\/2019\/12\/LUGAN-Luis-Garcia-Nunez-Sin-titulo-1961.jpg\" \/>\n<meta property=\"og:site_name\" content=\"Noticias de Arte Totenart\" \/>\n<meta property=\"og:image\" content=\"https:\/\/totenart.com\/noticias\/wp-content\/uploads\/2019\/12\/LUGAN-Luis-Garcia-Nunez-Sin-titulo-1961.jpg\" \/>\n\t<meta property=\"og:image:width\" content=\"2031\" \/>\n\t<meta property=\"og:image:height\" content=\"1556\" \/>\n\t<meta property=\"og:image:type\" content=\"image\/jpeg\" \/>\n<script type=\"application\/ld+json\" class=\"yoast-schema-graph\">{\"@context\":\"https:\/\/schema.org\",\"@graph\":[{\"@type\":\"WebPage\",\"@id\":\"https:\/\/totenart.com\/noticias\/wp-content\/uploads\/2019\/12\/LUGAN-Luis-Garcia-Nunez-Sin-titulo-1961.jpg\",\"url\":\"https:\/\/totenart.com\/noticias\/wp-content\/uploads\/2019\/12\/LUGAN-Luis-Garcia-Nunez-Sin-titulo-1961.jpg\",\"name\":\"LUGAN (Luis Garcia Nunez), Sin titulo, 1961 - Noticias de Arte Totenart\",\"isPartOf\":{\"@id\":\"https:\/\/totenart.com\/noticias\/#website\"},\"datePublished\":\"2019-12-03T10:49:31+00:00\",\"breadcrumb\":{\"@id\":\"https:\/\/totenart.com\/noticias\/wp-content\/uploads\/2019\/12\/LUGAN-Luis-Garcia-Nunez-Sin-titulo-1961.jpg#breadcrumb\"},\"inLanguage\":\"es\",\"potentialAction\":[{\"@type\":\"ReadAction\",\"target\":[\"https:\/\/totenart.com\/noticias\/wp-content\/uploads\/2019\/12\/LUGAN-Luis-Garcia-Nunez-Sin-titulo-1961.jpg\"]}]},{\"@type\":\"BreadcrumbList\",\"@id\":\"https:\/\/totenart.com\/noticias\/wp-content\/uploads\/2019\/12\/LUGAN-Luis-Garcia-Nunez-Sin-titulo-1961.jpg#breadcrumb\",\"itemListElement\":[{\"@type\":\"ListItem\",\"position\":1,\"name\":\"Portada\",\"item\":\"https:\/\/totenart.com\/noticias\/\"},{\"@type\":\"ListItem\",\"position\":2,\"name\":\"LUG\u00c1N antes de LUG\u00c1N, nueva exposici\u00f3n\",\"item\":\"https:\/\/totenart.com\/noticias\/lugan-antes-de-lugan-nueva-exposicion\/\"},{\"@type\":\"ListItem\",\"position\":3,\"name\":\"LUGAN (Luis Garcia Nunez), Sin titulo, 1961\"}]},{\"@type\":\"WebSite\",\"@id\":\"https:\/\/totenart.com\/noticias\/#website\",\"url\":\"https:\/\/totenart.com\/noticias\/\",\"name\":\"Noticias de Arte Totenart\",\"description\":\"Blog de noticias del mundo del arte: exposiciones, eventos, nuevos productos y materiales para artistas...\",\"potentialAction\":[{\"@type\":\"SearchAction\",\"target\":{\"@type\":\"EntryPoint\",\"urlTemplate\":\"https:\/\/totenart.com\/noticias\/?s={search_term_string}\"},\"query-input\":{\"@type\":\"PropertyValueSpecification\",\"valueRequired\":true,\"valueName\":\"search_term_string\"}}],\"inLanguage\":\"es\"}]}<\/script>\n<!-- \/ Yoast SEO plugin. -->","yoast_head_json":{"title":"LUGAN (Luis Garcia Nunez), Sin titulo, 1961 - Noticias de Arte Totenart","robots":{"index":"index","follow":"follow","max-snippet":"max-snippet:-1","max-image-preview":"max-image-preview:large","max-video-preview":"max-video-preview:-1"},"canonical":"https:\/\/totenart.com\/noticias\/wp-content\/uploads\/2019\/12\/LUGAN-Luis-Garcia-Nunez-Sin-titulo-1961.jpg","og_locale":"es_ES","og_type":"article","og_title":"LUGAN (Luis Garcia Nunez), Sin titulo, 1961 - Noticias de Arte Totenart","og_url":"https:\/\/totenart.com\/noticias\/wp-content\/uploads\/2019\/12\/LUGAN-Luis-Garcia-Nunez-Sin-titulo-1961.jpg","og_site_name":"Noticias de Arte Totenart","og_image":[{"width":2031,"height":1556,"url":"https:\/\/totenart.com\/noticias\/wp-content\/uploads\/2019\/12\/LUGAN-Luis-Garcia-Nunez-Sin-titulo-1961.jpg","type":"image\/jpeg"}],"schema":{"@context":"https:\/\/schema.org","@graph":[{"@type":"WebPage","@id":"https:\/\/totenart.com\/noticias\/wp-content\/uploads\/2019\/12\/LUGAN-Luis-Garcia-Nunez-Sin-titulo-1961.jpg","url":"https:\/\/totenart.com\/noticias\/wp-content\/uploads\/2019\/12\/LUGAN-Luis-Garcia-Nunez-Sin-titulo-1961.jpg","name":"LUGAN (Luis Garcia Nunez), Sin titulo, 1961 - Noticias de Arte Totenart","isPartOf":{"@id":"https:\/\/totenart.com\/noticias\/#website"},"datePublished":"2019-12-03T10:49:31+00:00","breadcrumb":{"@id":"https:\/\/totenart.com\/noticias\/wp-content\/uploads\/2019\/12\/LUGAN-Luis-Garcia-Nunez-Sin-titulo-1961.jpg#breadcrumb"},"inLanguage":"es","potentialAction":[{"@type":"ReadAction","target":["https:\/\/totenart.com\/noticias\/wp-content\/uploads\/2019\/12\/LUGAN-Luis-Garcia-Nunez-Sin-titulo-1961.jpg"]}]},{"@type":"BreadcrumbList","@id":"https:\/\/totenart.com\/noticias\/wp-content\/uploads\/2019\/12\/LUGAN-Luis-Garcia-Nunez-Sin-titulo-1961.jpg#breadcrumb","itemListElement":[{"@type":"ListItem","position":1,"name":"Portada","item":"https:\/\/totenart.com\/noticias\/"},{"@type":"ListItem","position":2,"name":"LUG\u00c1N antes de LUG\u00c1N, nueva exposici\u00f3n","item":"https:\/\/totenart.com\/noticias\/lugan-antes-de-lugan-nueva-exposicion\/"},{"@type":"ListItem","position":3,"name":"LUGAN (Luis Garcia Nunez), Sin titulo, 1961"}]},{"@type":"WebSite","@id":"https:\/\/totenart.com\/noticias\/#website","url":"https:\/\/totenart.com\/noticias\/","name":"Noticias de Arte Totenart","description":"Blog de noticias del mundo del arte: exposiciones, eventos, nuevos productos y materiales para artistas...","potentialAction":[{"@type":"SearchAction","target":{"@type":"EntryPoint","urlTemplate":"https:\/\/totenart.com\/noticias\/?s={search_term_string}"},"query-input":{"@type":"PropertyValueSpecification","valueRequired":true,"valueName":"search_term_string"}}],"inLanguage":"es"}]}},"description":{"rendered":"<p class=\"attachment\"><a href='https:\/\/totenart.com\/noticias\/wp-content\/uploads\/2019\/12\/LUGAN-Luis-Garcia-Nunez-Sin-titulo-1961.jpg'><img loading=\"lazy\" decoding=\"async\" width=\"300\" height=\"230\" src=\"https:\/\/totenart.com\/noticias\/wp-content\/uploads\/2019\/12\/LUGAN-Luis-Garcia-Nunez-Sin-titulo-1961-300x230.jpg\" class=\"attachment-medium size-medium\" alt=\"\" srcset=\"https:\/\/totenart.com\/noticias\/wp-content\/uploads\/2019\/12\/LUGAN-Luis-Garcia-Nunez-Sin-titulo-1961-300x230.jpg 300w, https:\/\/totenart.com\/noticias\/wp-content\/uploads\/2019\/12\/LUGAN-Luis-Garcia-Nunez-Sin-titulo-1961-1024x785.jpg 1024w, https:\/\/totenart.com\/noticias\/wp-content\/uploads\/2019\/12\/LUGAN-Luis-Garcia-Nunez-Sin-titulo-1961-768x588.jpg 768w, https:\/\/totenart.com\/noticias\/wp-content\/uploads\/2019\/12\/LUGAN-Luis-Garcia-Nunez-Sin-titulo-1961-1536x1177.jpg 1536w, https:\/\/totenart.com\/noticias\/wp-content\/uploads\/2019\/12\/LUGAN-Luis-Garcia-Nunez-Sin-titulo-1961.jpg 2031w\" sizes=\"auto, (max-width: 300px) 100vw, 300px\" \/><\/a><\/p>\n"},"caption":{"rendered":""},"alt_text":"","media_type":"image","mime_type":"image\/jpeg","media_details":{"width":2031,"height":1556,"file":"2019\/12\/LUGAN-Luis-Garcia-Nunez-Sin-titulo-1961.jpg","sizes":{"medium":{"file":"LUGAN-Luis-Garcia-Nunez-Sin-titulo-1961-300x230.jpg","width":300,"height":230,"mime_type":"image\/jpeg","source_url":"https:\/\/totenart.com\/noticias\/wp-content\/uploads\/2019\/12\/LUGAN-Luis-Garcia-Nunez-Sin-titulo-1961-300x230.jpg"},"large":{"file":"LUGAN-Luis-Garcia-Nunez-Sin-titulo-1961-1024x785.jpg","width":1024,"height":785,"mime_type":"image\/jpeg","source_url":"https:\/\/totenart.com\/noticias\/wp-content\/uploads\/2019\/12\/LUGAN-Luis-Garcia-Nunez-Sin-titulo-1961-1024x785.jpg"},"thumbnail":{"file":"LUGAN-Luis-Garcia-Nunez-Sin-titulo-1961-150x150.jpg","width":150,"height":150,"mime_type":"image\/jpeg","source_url":"https:\/\/totenart.com\/noticias\/wp-content\/uploads\/2019\/12\/LUGAN-Luis-Garcia-Nunez-Sin-titulo-1961-150x150.jpg"},"medium_large":{"file":"LUGAN-Luis-Garcia-Nunez-Sin-titulo-1961-768x588.jpg","width":768,"height":588,"mime_type":"image\/jpeg","source_url":"https:\/\/totenart.com\/noticias\/wp-content\/uploads\/2019\/12\/LUGAN-Luis-Garcia-Nunez-Sin-titulo-1961-768x588.jpg"},"1536x1536":{"file":"LUGAN-Luis-Garcia-Nunez-Sin-titulo-1961-1536x1177.jpg","width":1536,"height":1177,"mime_type":"image\/jpeg","source_url":"https:\/\/totenart.com\/noticias\/wp-content\/uploads\/2019\/12\/LUGAN-Luis-Garcia-Nunez-Sin-titulo-1961-1536x1177.jpg"},"full":{"file":"LUGAN-Luis-Garcia-Nunez-Sin-titulo-1961.jpg","width":2031,"height":1556,"mime_type":"image\/jpeg","source_url":"https:\/\/totenart.com\/noticias\/wp-content\/uploads\/2019\/12\/LUGAN-Luis-Garcia-Nunez-Sin-titulo-1961.jpg"}},"image_meta":{"aperture":"4.5","credit":"","camera":"Canon IXUS 275 HS","caption":"","created_timestamp":"1499444729","copyright":"","focal_length":"9.719","iso":"640","shutter_speed":"0.02","title":"","orientation":"1","keywords":[]}},"post":11163,"source_url":"https:\/\/totenart.com\/noticias\/wp-content\/uploads\/2019\/12\/LUGAN-Luis-Garcia-Nunez-Sin-titulo-1961.jpg","_links":{"self":[{"href":"https:\/\/totenart.com\/noticias\/wp-json\/wp\/v2\/media\/11170","targetHints":{"allow":["GET"]}}],"collection":[{"href":"https:\/\/totenart.com\/noticias\/wp-json\/wp\/v2\/media"}],"about":[{"href":"https:\/\/totenart.com\/noticias\/wp-json\/wp\/v2\/types\/attachment"}],"author":[{"embeddable":true,"href":"https:\/\/totenart.com\/noticias\/wp-json\/wp\/v2\/users\/13"}],"replies":[{"embeddable":true,"href":"https:\/\/totenart.com\/noticias\/wp-json\/wp\/v2\/comments?post=11170"}],"wp:attached-to":[{"embeddable":true,"post_type":"post","id":11163,"href":"https:\/\/totenart.com\/noticias\/wp-json\/wp\/v2\/posts\/11163"}],"curies":[{"name":"wp","href":"https:\/\/api.w.org\/{rel}","templated":true}]}}

<!-- This site is optimized with the Yoast SEO plugin v27.2 - https://yoast.com/product/yoast-seo-wordpress/ -->
<title>LUGAN (Luis Garcia Nunez), Sin titulo, 1961 - Noticias de Arte Totenart</title>
<meta name="robots" content="index, follow, max-snippet:-1, max-image-preview:large, max-video-preview:-1" />
<link rel="canonical" href="https://totenart.com/noticias/wp-content/uploads/2019/12/LUGAN-Luis-Garcia-Nunez-Sin-titulo-1961.jpg" />
<meta property="og:locale" content="es_ES" />
<meta property="og:type" content="article" />
<meta property="og:title" content="LUGAN (Luis Garcia Nunez), Sin titulo, 1961 - Noticias de Arte Totenart" />
<meta property="og:url" content="https://totenart.com/noticias/wp-content/uploads/2019/12/LUGAN-Luis-Garcia-Nunez-Sin-titulo-1961.jpg" />
<meta property="og:site_name" content="Noticias de Arte Totenart" />
<meta property="og:image" content="https://totenart.com/noticias/wp-content/uploads/2019/12/LUGAN-Luis-Garcia-Nunez-Sin-titulo-1961.jpg" />
	<meta property="og:image:width" content="2031" />
	<meta property="og:image:height" content="1556" />
	<meta property="og:image:type" content="image/jpeg" />
<script type="application/ld+json" class="yoast-schema-graph">{"@context":"https://schema.org","@graph":[{"@type":"WebPage","@id":"https://totenart.com/noticias/wp-content/uploads/2019/12/LUGAN-Luis-Garcia-Nunez-Sin-titulo-1961.jpg","url":"https://totenart.com/noticias/wp-content/uploads/2019/12/LUGAN-Luis-Garcia-Nunez-Sin-titulo-1961.jpg","name":"LUGAN (Luis Garcia Nunez), Sin titulo, 1961 - Noticias de Arte Totenart","isPartOf":{"@id":"https://totenart.com/noticias/#website"},"datePublished":"2019-12-03T10:49:31+00:00","breadcrumb":{"@id":"https://totenart.com/noticias/wp-content/uploads/2019/12/LUGAN-Luis-Garcia-Nunez-Sin-titulo-1961.jpg#breadcrumb"},"inLanguage":"es","potentialAction":[{"@type":"ReadAction","target":["https://totenart.com/noticias/wp-content/uploads/2019/12/LUGAN-Luis-Garcia-Nunez-Sin-titulo-1961.jpg"]}]},{"@type":"BreadcrumbList","@id":"https://totenart.com/noticias/wp-content/uploads/2019/12/LUGAN-Luis-Garcia-Nunez-Sin-titulo-1961.jpg#breadcrumb","itemListElement":[{"@type":"ListItem","position":1,"name":"Portada","item":"https://totenart.com/noticias/"},{"@type":"ListItem","position":2,"name":"LUGÁN antes de LUGÁN, nueva exposición","item":"https://totenart.com/noticias/lugan-antes-de-lugan-nueva-exposicion/"},{"@type":"ListItem","position":3,"name":"LUGAN (Luis Garcia Nunez), Sin titulo, 1961"}]},{"@type":"WebSite","@id":"https://totenart.com/noticias/#website","url":"https://totenart.com/noticias/","name":"Noticias de Arte Totenart","description":"Blog de noticias del mundo del arte: exposiciones, eventos, nuevos productos y materiales para artistas...","potentialAction":[{"@type":"SearchAction","target":{"@type":"EntryPoint","urlTemplate":"https://totenart.com/noticias/?s={search_term_string}"},"query-input":{"@type":"PropertyValueSpecification","valueRequired":true,"valueName":"search_term_string"}}],"inLanguage":"es"}]}</script>
<!-- / Yoast SEO plugin. -->

LUGÁN antes de LUGÁN, nueva exposición
